2*v + v = -546. Let b be ((-2)/(-4))/(16/(-1152)). Let r = b - v. What is the remainder when 20 is divided by r?
2
Suppose -373 - 92 = -3*y. Suppose -10*f + y = -325. Calculate the remainder when 238 is divided by f.
46
Let v(n) = 5*n + 83 + 4 - 4*n + 2*n. What is the remainder when v(-24) is divided by (4 + 2)/1 - 0?
3
Suppose -5*c - 72 = -297. Calculate the remainder when c is divided by 28 + (-35)/5 + 3.
21
Let j(u) = 4*u**3 - 4*u**2 + 37*u - 148. Calculate the remainder when j(7) is divided by 161.
160
Let m(v) = v**2 + 26*v + 458. What is the remainder when 1186 is divided by m(-16)?
292
Let r be ((-190)/40)/(-19) + (-110)/(-8). Suppose 0 = -24*i + r*i + 230. What is the remainder when i is divided by 12?
11
Let d(z) = -2*z**3 - 19*z**2 + 14*z + 53. Let b(m) = m**2 + 8*m + 6. Let l be b(-4). Calculate the remainder when 19 is divided by d(l).
6
Suppose -11*o - 432 = -7*o. Let r be 18/o - 206/(-12). Suppose 4*p + 0*j = -j + r, 12 = -4*j. Calculate the remainder when p is divided by 4.
1
Suppose 0 = -2*j + 22*j - 2940. Suppose 0 = -2*c + 4, 2*z - c - 171 = j. Let l = z - 131. Calculate the remainder when 114 is divided by l.
27
Calculate the remainder when (-3016)/(-7 + -6) - 14 is divided by 17.
14
Suppose 5*c - 58 = 62. Suppose -18 = -4*v - 2*d, -c*v = -23*v + d - 6. What is the remainder when 7 is divided by v?
1
Calculate the remainder when (27/(-18)*4)/((-18)/579) is divided by 123.
70
Let m = 737 + -712. Suppose m = 3*u - l - 666, -4*u + 908 = -4*l. What is the remainder when u is divided by 30?
22
Let w(j) = -13*j + 5 + 10*j + 24. Let n be w(9). Calculate the remainder when 65 is divided by 48/3 - (0 - n/2).
14
Let d = -55 + 57. What is the remainder when 0/3 + (-6 - -70) - 7 is divided by d?
1
Let c(x) = x**3 + 6*x**2 - 13*x - 18. Let g be c(-8). Let a = 89 + g. What is the remainder when a is divided by 14?
5
Let x = 4413 + -4381. What is the remainder when 43 is divided by x?
11
Let f(n) = -74*n**3 - n**2 - 7*n - 6. Let i be ((-4)/3)/((-8)/(-6)). What is the remainder when f(i) is divided by 36?
2
Suppose 0 = r - i - 197, -5*r = -10*r - 4*i + 940. Suppose 633 = 11*q - r. Let b = -42 - -62. Calculate the remainder when q is divided by b.
15
Suppose -34*h - 64101 + 66073 = 0. Suppose 3*x - 48 = -r, -62 = -2*x - 2*x - 2*r. What is the remainder when h is divided by x?
7
Suppose -4*x + 7*x - 63 = 0. Suppose -3*t - 6 = -2*t. Calculate the remainder when ((-2)/(-3))/(t/(-729)) is divided by x.
18
Suppose 4*z = -2*u + 1656 - 548, -2*z + 4*u + 534 = 0. What is the remainder when z is divided by 15?
5
Calculate the remainder when 496 is divided by ((-3)/2)/(22707/(-1134) - -20).
55
Let o(f) = -15 - 23*f + 16*f**2 + 41*f**3 - 42*f**3 + 5*f. What is the remainder when o(13) is divided by 20?
18
Let t(h) = -2*h**2 - 13 + 7*h + h**2 + 4*h + 0*h**2. Let y be t(11). Let k(b) = -b**2 - 15*b - 20. Calculate the remainder when 23 is divided by k(y).
5
Let b(v) = -v - 15. Let z be b(-20). Suppose 0 = -2*i - z*r - 30, r + 4 = -4*i + 5*r. What is the remainder when 86 is divided by (-143)/i - (-38)/95?
28
Calculate the remainder when 368 is divided by (-17940)/(-102) + 10/(-765)*-9.
16
Let n(u) = -2*u**2 + 159*u - 2397. What is the remainder when 1469 is divided by n(22)?
6
Calculate the remainder when (-26430)/(-8) - (-28 - 5106/(-184)) is divided by 658.
14
Let q(v) = -78*v - 224. Calculate the remainder when q(-3) is divided by 4.
2
Suppose -57*v + 2157 = 789. Suppose 2*s = -181 + 755. What is the remainder when s is divided by v?
23
Suppose 0 = -34*x + 24554 - 616 + 8702. What is the remainder when x is divided by 191?
5
Suppose -30*u = -14*u - 48. Suppose -3*s - 2*m + 1134 = s, -u*m = s - 281. What is the remainder when s is divided by 7?
4
Suppose 212 = 9*g - 292. Let y = 61 - g. Calculate the remainder when 33 is divided by y.
3
Let p(r) = -r**3 - 13*r**2 + 14*r - 6. Let g be p(-14). Calculate the remainder when 90 is divided by (g - -60)/(-4 - -6).
9
Suppose -10 = -5*h + 30. Let p(j) = 470*j + 12. Calculate the remainder when p(0) is divided by h.
4
Let r be 22 + 3 + -1 + 2. Suppose -r = -2*w + 4*d - 2*d, -4*w = -d - 55. Calculate the remainder when 9943/183 - 1/3 is divided by w.
12
Suppose -2*c + 4 + 24 = 0. Suppose -27 = -2*s - 3*g, -s + 0*g + c = g. Let n = -121 + 147. What is the remainder when n is divided by s?
11
Let h = 400 - 754. Let q = 380 + h. What is the remainder when 58 is divided by q?
6
Suppose 58*b = -7358 - 14972. Let x = b - -411. What is the remainder when 231 is divided by x?
23
Let g(k) = k**2 - 11*k - 16. Let i = 25 + -7. Let l be g(i). Let x = -72 + l. What is the remainder when x is divided by 10?
8
Let v be (1 + (-2 - 0))*-3. Let s(a) = a**3 - 3*a**2 - 6*a + 14. Let o be s(4). Let r = v + o. What is the remainder when 43 is divided by r?
7
Let p(r) = 12 + 19*r + 3*r + 6*r. Let l(d) = d + 1. Let i(z) = -5*l(z) + p(z). What is the remainder when i(2) is divided by 14?
11
Suppose 3*x + 4*s + 315 - 1283 = 0, 5*x - 1618 = -2*s. Suppose -322*f - 48 = -x*f. Calculate the remainder when f is divided by 24.
0
Calculate the remainder when 282 is divided by (-3 + 948/288)*-3*-56.
37
Let p = -123 - -125. Suppose -2*d = p*y - 71 + 23, -y - 2*d + 26 = 0. Calculate the remainder when (-1)/(0 - 3/261) is divided by y.
21
Let j = 864 + -835. Let b(r) = 4*r**3 + r**2 + 2*r - 2. What is the remainder when b(2) is divided by j?
9
Suppose 0 = 7*j - 3*j + 176. Let n = 46 + j. What is the remainder when (3/2)/(n/4) + 6 is divided by 6?
3
Let h = 49 - 44. Suppose 3*f = -h*x + 14, f - 4*x = -2*x - 10. What is the remainder when f + (1 - -30) + -5 + 6 is divided by 8?
6
Let t = 240 + -207. Suppose -577 = t*w - 4504. Calculate the remainder when w is divided by 12.
11
Suppose -33 = -7*o + 4*o. Let y(b) = -416*b + 233*b + 301*b + 21 - 7*b**2. Calculate the remainder when y(16) is divided by o.
7
Let n(w) = 24*w - 15*w - 38*w - 220. What is the remainder when n(-13) is divided by 32?
29
Suppose 89*p + 26*g = 86*p + 33511, 0 = 4*p + 3*g - 44523. Calculate the remainder when p is divided by 35.
32
Suppose 0*v - 196 = -7*v. Let l = v - -2. Suppose -6*j - 6 + 1080 = 0. What is the remainder when j is divided by l?
29
Let b(z) = 17*z**2 - 28*z - 86. Calculate the remainder when 1205 is divided by b(-3).
148
Suppose 7*v = -468 + 496. Suppose -2*b = -v*t - 1114, 3*b - b + 5*t - 1123 = 0. What is the remainder when b is divided by 94?
89
Let g be -6 + 6*(-18)/(-27). What is the remainder when 71 is divided by 14 - (g + 8) - -3?
5
Suppose 5*n + 5*f = 45, -3*n + 5*f + 3 = 8. Suppose -4*t - n*a - 45 = -6*t, 0 = -t - 3*a + 50. What is the remainder when 50 is divided by t?
15
Let u(l) = 60*l - 7. Let k be u(5). Suppose -3*f + 301 = 5*c, -2*c = -3*f - 3*c + k. Calculate the remainder when f is divided by 57.
40
Suppose -13*b - 380 + 861 = 0. Calculate the remainder when 71 is divided by b.
34
Let k be 24474/51 + (32/(-17) - -2). Let y = -457 + k. What is the remainder when y is divided by 7?
2
Suppose -4*b + 3*b + 3*p = 4, -40 = -8*p. What is the remainder when 628 is divided by b?
1
Let w = -24 - -122. Let h = 1157 - 1137. What is the remainder when w is divided by h?
18
Let u(h) = -6*h**3 - h - h**2 + 7876 - h - 7877. What is the remainder when (2 - (-22 + 2)) + -1 is divided by u(-1)?
3
Let y = 4319 + -3884. Calculate the remainder when y is divided by 90.
75
Suppose -46*a = -49*a - 5*q + 120, 0 = 2*a - 2*q - 64. What is the remainder when 5/a - ((-1745)/(-35))/(-1) is divided by 18?
14
Let t(y) = -21*y - 46. Suppose -4*a = -4*n, -2*a = -5*n - 11 - 4. What is the remainder when 110 is divided by t(a)?
51
Suppose 263 = -3*y - 5*v, -5*y - 435 = 5*v - 0*v. Let b = 95 - y. What is the remainder when b is divided by 14?
13
Let v(o) = 3*o**3 - 10*o**2 + 20*o - 9. What is the remainder when 3396 is divided by v(4)?
100
Suppose -9*p + 464 = -p. Let r(l) = 2*l**2 - 20*l - 1. What is the remainder when r(21) is divided by p?
55
Suppose 78*b = 75*b - w + 2747, 3*w - 24 = 0. What is the remainder when b is divided by 155?
138
Suppose 31976 = 821*u - 765*u. What is the remainder when u is divided by 86?
55
Let u(b) = 4*b**2 - 2*b + 2. Let w be u(2). What is the remainder when 431 is divided by 748/w - (12/28 + -1)?
53
Suppose 50*i = 45*i - 30, -5*i - 151 = -z. W